{"id":329,"date":"2026-04-03T18:31:05","date_gmt":"2026-04-03T16:31:05","guid":{"rendered":"https:\/\/mbz.pl\/?page_id=329"},"modified":"2026-04-12T10:23:55","modified_gmt":"2026-04-12T08:23:55","slug":"o-mnie-2","status":"publish","type":"page","link":"https:\/\/mbz.pl\/?page_id=329","title":{"rendered":"O mnie"},"content":{"rendered":"\n<p class=\"wp-block-paragraph\">Uko\u0144czy\u0142em Akademi\u0119 Teologii Katolickiej w Warszawie (obecnie Uniwersytet Kardyna\u0142a Stefana Wyszy\u0144skiego) oraz roczne Studium Mened\u017cerskie na wydziale Zarz\u0105dzania Uniwersytetu Warszawskiego. Przez wiele lat by\u0142em certyfikowanym psychoterapeut\u0105 poznawczo \u2013 behawioralnym oraz muzykoterapeut\u0105, a tak\u017ce Superwizorem \u2013 Dydaktykiem w zakresie terapii poznawczej i behawioralnej. Pracowa\u0142em psycholog w oddzia\u0142ach ca\u0142odobowych i dziennych szpitali psychiatrycznych w Warszawie, poradniach zdrowia psychicznego, \u00a0gdzie prowadzi\u0142em psychoterapi\u0119 grupow\u0105 i indywidualn\u0105 w nurcie CBT z elementami terapii schematu. By\u0142em pracownikiem II Kliniki Psychiatrycznej Warszawskiego Uniwersytetu Medycznego. Jestem te\u017c wsp\u00f3\u0142autorem koncepcji psychoterapii grupowej w nurcie CBT realizowanej w wielu o\u015brodkach w Polsce i warsztat\u00f3w psychologicznych \u201eJa i moje relacje z innymi\u201d oraz terapii grupowej &#8222;Ja i moje emocje&#8221; i &#8222;Ja, m\u0119sko\u015b\u0107 a celibat&#8221; prowadzonych w ramach pracy w jednej z warszawskich katolickich poradni psychologicznych.\u00a0\u00a0<br>Moje zainteresowania: Bizancjum, anachoretyzm, cenobityzm, kartuzi, chora\u0142 gregoria\u0144ski, muzyka klasyczna, podr\u00f3\u017ce do &#8222;\u017ar\u00f3de\u0142&#8221;.<\/p>\n","protected":false},"excerpt":{"rendered":"<p>Uko\u0144czy\u0142em Akademi\u0119 Teologii Katolickiej w Warszawie (obecnie Uniwersytet Kardyna\u0142a Stefana Wyszy\u0144skiego) oraz roczne Studium Mened\u017cerskie na wydziale Zarz\u0105dzania Uniwersytetu Warszawskiego. &hellip; <\/p>\n","protected":false},"author":1,"featured_media":0,"parent":0,"menu_order":0,"comment_status":"closed","ping_status":"closed","template":"","meta":{"_crdt_document":"{\"document\":\"AAAnxN+IuxsHhqOY1BW3qrSgD8TfiLsbAPeqtKAPCITfiLsb96q0oA8AEQgcAQQJAGwBAQgBAUgKBFICACcoAycABAAnASgEJwAoAiEAKAInACEBqAAhAQcAKAInASgCJwAEAai0F\/oWc3RhdGV2ZXJzaW9uZG9jdW1lbnRkYXRlZG9jdW1lbnRzbHVnZG9jdW1lbnRzdGF0dXNkb2N1bWVudHRpdGxlTyBtbmllZG9jdW1lbnRjb250ZW50ZG9jdW1lbnRleGNlcnB0ZG9jdW1lbnRhdXRob3Jkb2N1bWVudGZlYXR1cmVkX21lZGlhZG9jdW1lbnRjb21tZW50X3N0YXR1c2RvY3VtZW50cGluZ19zdGF0dXNkb2N1bWVudHRlbXBsYXRlZG9jdW1lbnRtZXRhX3RoZW1laXNsZV9ndXRlbmJlcmdfYmxvY2tfaGFzX3Jldmlld19jb2FjaGlmeV9zaWRlYmFyX2xheW91dGZvb3Rub3Rlc19lbGVtZW50b3JfZWRpdF9tb2RlX2VsZW1lbnRvcl90ZW1wbGF0ZV90eXBlX2VsZW1lbnRvcl9kYXRhX2VsZW1lbnRvcl9wYWdlX3NldHRpbmdzZG9jdW1lbnRibG9ja3NzdGF0ZXZlcnNpb25zdGF0ZXZlcnNpb25zdGF0ZXNhdmVkQXRzdGF0ZXNhdmVkQnljbGllbnRJZGlzVmFsaWRuYW1lYXR0cmlidXRlc2NvbnRlbnRkcm9wQ2FwaGFzQ3VzdG9tQ1NTb3R0ZXJDb25kaXRpb25zaW5uZXJCbG9ja3NVa2\/FhGN6ecWCZW0gQWthZGVtacSZIFRlb2xvZ2lpIEthdG9saWNraWVqIHcgV2Fyc3phd2llIChvYmVjbmllIFVuaXdlcnN5dGV0IEthcmR5bmHFgmEgU3RlZmFuYSBXeXN6ecWEc2tpZWdvKSBvcmF6IHJvY3puZSBTdHVkaXVtIE1lbmVkxbxlcnNraWUgbmEgd3lkemlhbGUgWmFyesSFZHphbmlhIFVuaXdlcnN5dGV0dSBXYXJzemF3c2tpZWdvLiBQcnpleiB3aWVsZSBsYXQgYnnFgmVtIGNlcnR5Zmlrb3dhbnltIHBzeWNob3RlcmFwZXV0xIUgcG96bmF3Y3pvIOKAkyBiZWhhd2lvcmFsbnltIG9yYXogbXV6eWtvdGVyYXBldXTEhSwgYSB0YWvFvGUgU3VwZXJ3aXpvcmVtIOKAkyBEeWRha3R5a2llbSB3IHpha3Jlc2llIHRlcmFwaWkgcG96bmF3Y3plaiBpIGJlaGF3aW9yYWxuZWouIFByYWNvd2HFgmVtIHBzeWNob2xvZyB3IG9kZHppYcWCYWNoIGNhxYJvZG9ib3d5Y2ggaSBkemllbm55Y2ggc3pwaXRhbGkgcHN5Y2hpYXRyeWN6bnljaCB3IFdhcnN6YXdpZSwgcG9yYWRuaWFjaCB6ZHJvd2lhIHBzeWNoaWN6bmVnbywgwqBnZHppZSBwcm93YWR6acWCZW0gcHN5Y2hvdGVyYXBpxJkgZ3J1cG93xIUgaSBpbmR5d2lkdWFsbsSFIHcgbnVyY2llIENCVCB6IGVsZW1lbnRhbWkgdGVyYXBpaSBzY2hlbWF0dS4gQnnFgmVtIHByYWNvd25pa2llbSBJSSBLbGluaWtpIFBzeWNoaWF0cnljem5laiBXYXJzemF3c2tpZWdvIFVuaXdlcnN5dGV0dSBNZWR5Y3puZWdvLiBKZXN0ZW0gdGXFvCB3c3DDs8WCYXV0b3JlbSBrb25jZXBjamkgcHN5Y2hvdGVyYXBpaSBncnVwb3dlaiB3IG51cmNpZSBDQlQgcmVhbGl6b3dhbmVqIHcgd2llbHUgb8Wbcm9ka2FjaCB3IFBvbHNjZSBpIHdhcnN6dGF0w7N3IHBzeWNob2xvZ2ljem55Y2gg4oCeSmEgaSBtb2plIHJlbGFjamUgeiBpbm55bWnigJ0gb3JheiB0ZXJhcGlpIGdydXBvd2VqICJKYSBpIG1vamUgZW1vY2plIiBpICJKYSwgbcSZc2tvxZvEhyBhIGNlbGliYXQiIHByb3dhZHpvbnljaCB3IHJhbWFjaCBwcmFjeSB3IGplZG5laiB6IHdhcnN6YXdza2ljaCBrYXRvbGlja2ljaCBwb3JhZG5pIHBzeWNob2xvZ2ljem55Y2guwqDCoDxicj5Nb2plIHphaW50ZXJlc293YW5pYTogQml6YW5janVtLCBhbmFjaG9yZXR5em0sIGNlbm9iaXR5em0sIGthcnR1emksIGNob3JhxYIgZ3JlZ29yaWHFhHNraSwgbXV6eWthIGtsYXN5Y3puYSwgcG9kcsOzxbxlIGRvICLFunLDs2RlxYIiLjwhLS0gd3A6cGFyYWdyYXBoIC0tPgo8cD5Va2\/FhGN6ecWCZW0gQWthZGVtacSZIFRlb2xvZ2lpIEthdG9saWNraWVqIHcgV2Fyc3phd2llIChvYmVjbmllIFVuaXdlcnN5dGV0IEthcmR5bmHFgmEgU3RlZmFuYSBXeXN6ecWEc2tpZWdvKSBvcmF6IHJvY3puZSBTdHVkaXVtIE1lbmVkxbxlcnNraWUgbmEgd3lkemlhbGUgWmFyesSFZHphbmlhIFVuaXdlcnN5dGV0dSBXYXJzemF3c2tpZWdvLiBQcnpleiB3aWVsZSBsYXQgYnnFgmVtIGNlcnR5Zmlrb3dhbnltIHBzeWNob3RlcmFwZXV0xIUgcG96bmF3Y3pvIOKAkyBiZWhhd2lvcmFsbnltIG9yYXogbXV6eWtvdGVyYXBldXTEhSwgYSB0YWvFvGUgU3VwZXJ3aXpvcmVtIOKAkyBEeWRha3R5a2llbSB3IHpha3Jlc2llIHRlcmFwaWkgcG96bmF3Y3plaiBpIGJlaGF3aW9yYWxuZWouIFByYWNvd2HFgmVtIHBzeWNob2xvZyB3IG9kZHppYcWCYWNoIGNhxYJvZG9ib3d5Y2ggaSBkemllbm55Y2ggc3pwaXRhbGkgcHN5Y2hpYXRyeWN6bnljaCB3IFdhcnN6YXdpZSwgcG9yYWRuaWFjaCB6ZHJvd2lhIHBzeWNoaWN6bmVnbywgwqBnZHppZSBwcm93YWR6acWCZW0gcHN5Y2hvdGVyYXBpxJkgZ3J1cG93xIUgaSBpbmR5d2lkdWFsbsSFIHcgbnVyY2llIENCVCB6IGVsZW1lbnRhbWkgdGVyYXBpaSBzY2hlbWF0dS4gQnnFgmVtIHByYWNvd25pa2llbSBJSSBLbGluaWtpIFBzeWNoaWF0cnljem5laiBXYXJzemF3c2tpZWdvIFVuaXdlcnN5dGV0dSBNZWR5Y3puZWdvLiBKZXN0ZW0gdGXFvCB3c3DDs8WCYXV0b3JlbSBrb25jZXBjamkgcHN5Y2hvdGVyYXBpaSBncnVwb3dlaiB3IG51cmNpZSBDQlQgcmVhbGl6b3dhbmVqIHcgd2llbHUgb8Wbcm9ka2FjaCB3IFBvbHNjZSBpIHdhcnN6dGF0w7N3IHBzeWNob2xvZ2ljem55Y2gg4oCeSmEgaSBtb2plIHJlbGFjamUgeiBpbm55bWnigJ0gb3JheiB0ZXJhcGlpIGdydXBvd2VqICJKYSBpIG1vamUgZW1vY2plIiBpICJKYSwgbcSZc2tvxZvEhyBhIGNlbGliYXQiIHByb3dhZHpvbnljaCB3IHJhbWFjaCBwcmFjeSB3IGplZG5laiB6IHdhcnN6YXdza2ljaCBrYXRvbGlja2ljaCBwb3JhZG5pIHBzeWNob2xvZ2ljem55Y2guwqDCoDxicj5Nb2plIHphaW50ZXJlc293YW5pYTogQml6YW5janVtLCBhbmFjaG9yZXR5em0sIGNlbm9iaXR5em0sIGthcnR1emksIGNob3JhxYIgZ3JlZ29yaWHFhHNraSwgbXV6eWthIGtsYXN5Y3puYSwgcG9kcsOzxbxlIGRvICLFunLDs2RlxYIiLjwvcD4KPCEtLSAvd3A6cGFyYWdyYXBoIC0tPgUHCAQIBAgGCAUGCAcIBwgGCA4IDggLSAEEJRgJFBgPGAgGBQcFBwUHBQcIBwQKRwAMDwu8EbASCwEEAAABBwAGAQQACEIBAQBBAAIAAkEbAxYAfQF3EzIwMjYtMDQtMDNUMTg6MzE6MDV3CG8tbW5pZS0ydwdwdWJsaXNofQF9AHcGY2xvc2VkdwZjbG9zZWR3AHl3AHcAdwd3cC1wYWdldwB+AQASAHcAdyQ4YzZkNzNiZS1iNTJjLTQ2NGMtOGIwNi1lZTkxYjdiY2YzN2N4dw5jb3JlL3BhcmFncmFwaHl5dQB7QnnYDKU4gAB9t6q0oA8DxK\/E3Q0BFgDGkYzqCgEAALeVmtAHAgAAAQE=\",\"updateId\":506909060}","_themeisle_gutenberg_block_has_review":false,"_coachify_sidebar_layout":"","footnotes":""},"class_list":["post-329","page","type-page","status-publish","hentry","image-hover-transition-effect"],"_links":{"self":[{"href":"https:\/\/mbz.pl\/index.php?rest_route=\/wp\/v2\/pages\/329","targetHints":{"allow":["GET"]}}],"collection":[{"href":"https:\/\/mbz.pl\/index.php?rest_route=\/wp\/v2\/pages"}],"about":[{"href":"https:\/\/mbz.pl\/index.php?rest_route=\/wp\/v2\/types\/page"}],"author":[{"embeddable":true,"href":"https:\/\/mbz.pl\/index.php?rest_route=\/wp\/v2\/users\/1"}],"replies":[{"embeddable":true,"href":"https:\/\/mbz.pl\/index.php?rest_route=%2Fwp%2Fv2%2Fcomments&post=329"}],"version-history":[{"count":2,"href":"https:\/\/mbz.pl\/index.php?rest_route=\/wp\/v2\/pages\/329\/revisions"}],"predecessor-version":[{"id":624,"href":"https:\/\/mbz.pl\/index.php?rest_route=\/wp\/v2\/pages\/329\/revisions\/624"}],"wp:attachment":[{"href":"https:\/\/mbz.pl\/index.php?rest_route=%2Fwp%2Fv2%2Fmedia&parent=329"}],"curies":[{"name":"wp","href":"https:\/\/api.w.org\/{rel}","templated":true}]}}